r?
False
Is 25943667 a prime number?
False
Is 176509237 composite?
False
Is 21121 a composite number?
False
Is 1502803 a composite number?
True
Is 51187 a composite number?
True
Is 11718743 a composite number?
True
Is 17326277 prime?
True
Is 12992003 a composite number?
False
Is 5289395 prime?
False
Is 14320339 a prime number?
False
Is 55554433 a prime number?
False
Is 8547415 a prime number?
False
Is 5001101 prime?
False
Is 18279946 a prime number?
False
Is 47857721 composite?
False
Is 42824791 a prime number?
False
Is 96463 a prime number?
False
Is 9747523 prime?
True
Is 22901477 a composite number?
False
Is 463909115 prime?
False
Is 255564381 a composite number?
True
Is 1437607 a prime number?
True
Is 798673 composite?
True
Is 276839279 a prime number?
False
Is 813093871 composite?
False
Is 216896021 prime?
True
Is 12420493 a composite number?
True
Is 90565373 a composite number?
False
Is 64690007 a composite number?
True
Is 450061559 composite?
False
Is 2491123 a composite number?
False
Is 6995047 composite?
False
Is 52648567 a composite number?
True
Is 178739 prime?
False
Is 1321973 a composite number?
True
Is 81123421 a prime number?
False
Is 18047411 prime?
True
Is 3161107 a composite number?
False
Is 20425319 composite?
False
Is 14191061 composite?
True
Is 44702599 composite?
False
Is 9481219 composite?
True
Is 156271457 a composite number?
True
Is 777358421 prime?
False
Is 40096109 a prime number?
True
Is 5588317 composite?
True
Is 18711041 composite?
False
Is 20466302 a prime number?
False
Is 2517562 prime?
False
Is 307849987 a prime number?
True
Is 166213 a prime number?
False
Is 5596603 a composite number?
False
Is 1177654 prime?
False
Is 230779451 a prime number?
False
Is 26172691 a prime number?
True
Is 2326417 a composite number?
True
Is 43313519 a prime number?
False
Is 108378251 a prime number?
False
Is 7360993 prime?
True
Is 29260981 a composite number?
True
Is 52313371 prime?
False
Is 3321041 prime?
False
Is 155232871 a prime number?
False
Is 1015429 a composite number?
True
Is 16091555 composite?
True
Is 2780569 composite?
True
Is 143932291 prime?
True
Is 3296771 composite?
False
Is 3338332201 prime?
True
Is 1011569467 a prime number?
True
Is 41982569 a prime number?
False
Is 30616343 prime?
True
Is 133493 composite?
False
Is 2666303 a prime number?
True
Is 4498303 prime?
True
Is 10401891 a composite number?
True
Is 635497411 a prime number?
True
Is 328753 a prime number?
True
Is 1171585 a prime number?
False
Is 30881951 prime?
False
Is 118770131 a prime number?
True
Is 84633001 a composite number?
False
Is 194189479 prime?
False
Is 55618741 a composite number?
True
Is 178862419 composite?
True
Is 2432351 prime?
True
Is 261344929 composite?
True
Is 7571933 prime?
True
Is 15189261 prime?
False
Is 872254 a prime number?
False
Is 82636319 a composite number?
False
Is 332323709 prime?
True
Is 9265387 prime?
True
Is 148695347 composite?
False
Is 9495751 a prime number?
True
Is 278649527 composite?
True
Is 222137 composite?
False
Is 1048489913 a prime number?
True
Is 3036947 a composite number?
True
Is 7055257 composite?
True
Is 3613089 composite?
True
Is 84020597 prime?
True
Is 11169419 composite?
False
Is 27876911 a composite number?
False
Is 18669103 a prime number?
True
Is 140867437 composite?
True
Is 7758853 a composite number?
False
Is 9035249 prime?
True
Is 750509 a prime number?
True
Is 1688041 a prime number?
True
Is 114420281 prime?
True
Is 105353515 a composite number?
True
Is 29671109 a composite number?
True
Is 673967 a composite number?
True
Is 18466459 a prime number?
False
Is 1713881 prime?
False
Is 23748463 a prime number?
True
Is 1122228409 prime?
True
Is 5937457 composite?
True
Is 47789371 composite?
True
Is 7112999 a composite number?
False
Is 6066077 a composite number?
False
Is 793451 composite?
True
Is 7657151 a composite number?
True
Is 111760507 prime?
True
Is 24227893 a prime number?
True
Is 12201205 prime?
False
Is 423470387 a prime number?
True
Is 1974241551 a prime number?
False
Is 94728311 prime?
True
Is 11178593 a composite number?
True
Is 3534427 a composite number?
True
Is 6043747 a prime number?
True
Is 142435121 a prime number?
False
Is 445495801 a composite number?
False
Is 19962123 prime?
False
Is 3265415 composite?
True
Is 146117 a prime number?
True
Is 463224581 composite?
False
Is 74407 prime?
False
Is 1814639 composite?
False
Is 5826389 composite?
False
Is 331479871 composite?
True
Is 11864311 composite?
False
Is 2877533 a prime number?
True
Is 1903409 a prime number?
True
Is 2415289 a prime number?
False
Is 14830819 composite?
False
Is 4417471 a composite number?
False
Is 8641147 a composite number?
False
Is 36774719 a prime number?
True
Is 136649 a composite number?
False
Is 9149711 prime?
True
Is 20000671 a composite number?
False
Is 2198963 a prime number?
False
Is 1995827 a composite number?
False
Is 2885911 a composite number?
True
Is 375168947 prime?
False
Is 31833491 composite?
False
Is 30365371 composite?
True
Is 17832671 composite?
False
Is 9368327 prime?
True
Is 222315061 a prime number?
True
Is 19782331 prime?
True
Is 605053 composite?
True
Is 84815983 composite?
True
Is 4279123 a prime number?
False
Is 1465687 a composite number?
True
Is 662967805 a prime number?
False
Is 15682943 prime?
True
Is 4058209 a prime number?
True
Is 1543259 composite?
False
Is 189655121 prime?
True
Is 410727223 prime?
False
Is 12414371 a prime number?
True
Is 383899451 composite?
True
Is 14801181 a composite number?
True
Is 11528317 composite?
False
Is 292127 a prime number?
False
Is 3593959 composite?
False
Is 24803195 a composite number?
True
Is 138008093 prime?
True
Is 275027977 a prime number?
False
Is 7578463 prime?
False
Is 546265 prime?
False
Is 29303387 composite?
False
Is 10340017 prime?
True
Is 2099879 prime?
False
Is 89227 a composite number?
False
Is 3804841 composite?
True
Is 648377911 prime?
False
Is 119682929 composite?
True
Is 5975311 a composite number?
False
Is 2156117 composite?
False
Is 150582743 a composite number?
False
Is 4308781 a prime number?
True
Is 16123385 composite?
True
Is 2377973 prime?
False
Is 7322837 prime?
True
Is 36112961 composite?
True
Is 8499791 prime?
False
Is 441823 a prime number?
False
Is 1974851 a prime number?
True
Is 137160503 composite?
True
Is 4121987 prime?
True
Is 1050317 prime?
True
Is 3055153 prime?
True
Is 47649533 prime?
True
Is 425488249 prime?
True
Is 4858219 a prime number?
False
Is 54869937 a prime number?
False
Is 1031069239 a prime number?
True
Is 46993 prime?
True
Is 139035953 a prime number?
False
Is 416333 composite?
False
Is 33479 composite?
False
Is 3049733 a composite number?
True
Is 758267 a composite number?
False
Is 2679899 composite?
False
Is 18706399 a composite number?
True
Is 346259 a composite number?
False
Is 2836033 a composite number?
False
Is 5427053 a prime number?
False
Is 879160985 a composite number?
True
Is 16749677 a composite number?
True
Is 435397 composite?
False
Is 37584103 a prime number?
False
Is 1165373 composite?
True
Is 769634 composite?
True
Is 37117907 a composite number?
False
Is 1674539 a prime number?
True
Is 105864443 a composite number?
False
Is 138211049 composite?
True
Is 441059 prime?
False
Is 23191237 a composite number?
False
Is 367454263 a prime number?
False
Is 14366437 composite?
False
Is 6042233 composite?
True
Is 1834886 a prime number?
False
Is 6312301 composite?
False
Is 3557153 prime?
True
Is 34161313 prime?
False
Is 103287499 composite?
True
Is 2289503 composite?
False
Is 45992419 a prime number?
False
Is 61709651 prime?
False
Is 3695995 composite?
True
Is 206971355 composite?
True
Is 2713099 a prime number?
False
Is 794191 a composite number?
False
Is 65082337 a prime number?
False
Is 1964903 composite?
True
Is 2196836567 a prime number?
True
Is 586931857 prime?
True
Is 36644561 a composite number?
True
Is 586457 a prime number?
True
Is 170342261 composite?
True
Is 18613487 composite?
True
Is 50913241 a composite number?
True
Is 1159721 prime?
True
Is 30246397 composite?
True
Is 8661655 prime?
False
Is 29238985 a prime number?
False
Is 185636201 prime?
True
Is 11106391 a composite number?
True
Is 94492951 a prime number?
False
Is 14577523 a composite number?
False
Is 2630146 compo